{"id":32,"date":"2019-04-03T11:06:09","date_gmt":"2019-04-03T11:06:09","guid":{"rendered":"http:\/\/fh-adler.de\/?page_id=32"},"modified":"2021-10-23T11:00:20","modified_gmt":"2021-10-23T11:00:20","slug":"chorin","status":"publish","type":"page","link":"https:\/\/fh-adler.de\/?page_id=32","title":{"rendered":"Chorin"},"content":{"rendered":"\t\t<div data-elementor-type=\"wp-post\" data-elementor-id=\"32\" class=\"elementor elementor-32\">\n\t\t\t\t\t\t<div class=\"elementor-inner\">\n\t\t\t\t<div class=\"elementor-section-wrap\">\n\t\t\t\t\t\t\t\t\t<section class=\"elementor-section elementor-top-section elementor-element elementor-element-7b0f79b9 elementor-section-boxed elementor-section-height-default elementor-section-height-default\" data-id=\"7b0f79b9\" data-element_type=\"section\">\n\t\t\t\t\t\t<div class=\"elementor-container elementor-column-gap-default\">\n\t\t\t\t\t\t\t<div class=\"elementor-row\">\n\t\t\t\t\t<div class=\"elementor-column elementor-col-100 elementor-top-column elementor-element elementor-element-13e15bde\" data-id=\"13e15bde\" data-element_type=\"column\">\n\t\t\t<div class=\"elementor-column-wrap elementor-element-populated\">\n\t\t\t\t\t\t\t<div class=\"elementor-widget-wrap\">\n\t\t\t\t\t\t<div class=\"elementor-element elementor-element-3c769611 elementor-widget elementor-widget-text-editor\" data-id=\"3c769611\" data-element_type=\"widget\" data-widget_type=\"text-editor.default\">\n\t\t\t\t<div class=\"elementor-widget-container\">\n\t\t\t\t\t\t\t\t<div class=\"elementor-text-editor elementor-clearfix\">\n\t\t\t\t<p><span style=\"color: #000000;\"><!-- wp:heading --><!-- \/wp:heading --><!-- wp:paragraph {\"dropCap\":true} --><\/span><\/p>\n<p class=\"has-drop-cap\"><span style=\"color: #000000;\"><strong>C<\/strong>horin ist ein kleines Dorf (ca. 550 Einwohner) und Ortsteil der aus sieben D\u00f6rfern bestehenden Gro\u00dfgemeinde Chorin in der Mark Brandenburg, im Landkreis Barnim. Bekannt ist Chorin vor allem durch sein \u00fcber 725-j\u00e4hriges <strong>Zisterzienser-Kloster<\/strong>, einem der bedeutendsten Bauwerke der norddeutschen Backsteingotik, wo auch der <strong>Choriner Musiksommer<\/strong> und andere kulturelle Veranstaltungen stattfinden. Der Ort ist sehr ruhig, ohne Durchgangsverkehr. Er liegt mitten im <strong>Biosph\u00e4ren-Reservat Schorfheide-Chorin<\/strong>, mit seinen ausgedehnten Buchen- und Eichenmischw\u00e4ldern und einem wertvollen Bestand an seltenen Tieren \u2013 (See-, Fischadler, Kranich, Schwarzstorch, Rohrdommel, Biber, Fischotter, Sumpfschildkr\u00f6te, Laubfrosch&#8230;) und Pflanzen.<\/span><\/p>\n<p><span style=\"color: #000000;\"><!-- \/wp:paragraph --><!-- wp:image {\"id\":138} --><\/span><\/p>\n<figure class=\"wp-block-image\"><span style=\"color: #000000;\"><img loading=\"lazy\" decoding=\"async\" width=\"1024\" height=\"683\" class=\"wp-image-138\" src=\"http:\/\/fh-adler.de\/wp-content\/uploads\/2019\/04\/7648263714_d575ff0a1c_b-1024x683.jpg\" alt=\"\" srcset=\"https:\/\/fh-adler.de\/wp-content\/uploads\/2019\/04\/7648263714_d575ff0a1c_b.jpg 1024w, https:\/\/fh-adler.de\/wp-content\/uploads\/2019\/04\/7648263714_d575ff0a1c_b-300x200.jpg 300w, https:\/\/fh-adler.de\/wp-content\/uploads\/2019\/04\/7648263714_d575ff0a1c_b-768x512.jpg 768w\" sizes=\"(max-width: 1024px) 100vw, 1024px\" \/><\/span><p><\/p>\n<figcaption><span style=\"color: #000000;\">Kloster Chorin, Foto: Thomas Quine CC BY: 2.0<\/span><\/figcaption><figcaption><span style=\"color: #000000;\"><br><\/span><\/figcaption>\n<\/figure>\n<p><span style=\"color: #000000;\"><!-- \/wp:image --><!-- wp:paragraph --><\/span><\/p>\n<p><span style=\"color: #000000;\">In Chorin gibt es drei <strong>Restaurants <\/strong>mit guter K\u00fcche, eine Arzt-Praxis, einen Bahnanschluss und <a style=\"color: #000000;\" href=\"http:\/\/www.fahrradverleih-chorin.de\/\" target=\"_blank\" rel=\"noreferrer noopener\">Fahrrad-Verleih<\/a>; mehrmals in der Woche kommt eine mobile Versorgung mit Backwaren oder anderen Lebensmitteln; frischer oder ger\u00e4ucherter Fisch aus den umliegenden Seen wird frei Haus geliefert&#8230; Chorin ist ein idealer Ausgangspunkt f\u00fcr kleine und gr\u00f6\u00dfere&nbsp;Fu\u00df- oder Radwanderungen&nbsp;in alle Himmelsrichtungen entlang gut ausgeschilderter Wege.<\/span><\/p>\n<p><span style=\"color: #000000;\"><!-- \/wp:paragraph --><!-- wp:heading {\"align\":\"center\"} --><\/span><\/p>\n<h2 style=\"text-align: center;\"><span style=\"color: #000000;\">\u2026 und seine Umgebung<\/span><\/h2>\n<p><span style=\"color: #000000;\"><!-- \/wp:heading --><!-- wp:paragraph --><\/span><\/p>\n<p><span style=\"color: #000000;\">Chorin ist ein idealer Ausgangspunkt f\u00fcr kleine und gr\u00f6\u00dfere <strong>Fu\u00df- oder Radwanderungen <\/strong>in alle Himmelsrichtungen entlang gut ausgeschilderter Wege. Seine Umgebung ist eine h\u00fcgelige, eiszeitgepr\u00e4gte <strong>Endmor\u00e4nenlandschaft <\/strong>mit urw\u00fcchsigem Laub- und Mischwald, kleinen Mooren und <strong>gro\u00dfen Seen<\/strong> mit nat\u00fcrlichen Badem\u00f6glichkeiten und &#8222;verschlafenen&#8220; D\u00f6rfern. Die Schorfheide gilt als das gr\u00f6\u00dfte zusammenh\u00e4ngende Waldgebiet Deutschlands und ist das legend\u00e4re Jagdgebiet diverser Obrigkeiten der preu\u00dfisch-deutschen Geschichte. <\/span><span style=\"color: #000000;\">Im benachbarten <strong>\u00d6kodorf Brodowin<\/strong> gibt es einen Hofladen mit Produkten aus \u00f6kologischem Anbau. Eine besondere Attraktion f\u00fcr Naturfreunde und ihre Kinder ist das nahegelegene NABU-Informationszentrum <strong>Blumberger M\u00fchle<\/strong>, die gr\u00f6\u00dfte Einrichtung dieser Art in Deutschland.&nbsp;<\/span><\/p>\n<p><span style=\"color: #000000;\">Zum <strong>Odertal<\/strong>, eine der wenigen naturbelassenen Flusslandschaften in Mitteleuropa, sind es nur ca. 10 km, die Deichwege eignen sich gut f\u00fcr Radwanderungen. Radwanderung. Ebenso weit ist es zum Buchenwald <strong>Grumsiner Forst<\/strong>, als Weltnaturerbe von der UNESCO anerkannt.<\/span><\/p>\n<p><span style=\"color: #000000;\"><!-- \/wp:paragraph --><!-- wp:gallery {\"ids\":[140,141,143,144,145,146,147,163,164,165,166,167]} --><\/span><\/p>\n<ul class=\"wp-block-gallery columns-3 is-cropped\">\n<li class=\"blocks-gallery-item\">\n<figure><span style=\"color: #000000;\"><img loading=\"lazy\" decoding=\"async\" width=\"1024\" height=\"768\" class=\"wp-image-140\" src=\"http:\/\/fh-adler.de\/wp-content\/uploads\/2019\/04\/waldsee-winter-1024x768.jpg\" alt=\"\" data-id=\"140\" data-link=\"http:\/\/fh-adler.de\/?attachment_id=140\" srcset=\"https:\/\/fh-adler.de\/wp-content\/uploads\/2019\/04\/waldsee-winter-1024x768.jpg 1024w, https:\/\/fh-adler.de\/wp-content\/uploads\/2019\/04\/waldsee-winter-300x225.jpg 300w, https:\/\/fh-adler.de\/wp-content\/uploads\/2019\/04\/waldsee-winter-768x576.jpg 768w, https:\/\/fh-adler.de\/wp-content\/uploads\/2019\/04\/waldsee-winter-1140x855.jpg 1140w\" sizes=\"(max-width: 1024px) 100vw, 1024px\" \/><\/span><\/figure>\n<\/li>\n<li class=\"blocks-gallery-item\">\n<figure><span style=\"color: #000000;\"><img loading=\"lazy\" decoding=\"async\" width=\"400\" height=\"278\" class=\"wp-image-141\" src=\"http:\/\/fh-adler.de\/wp-content\/uploads\/2019\/04\/Altkuenkendorf.jpg\" alt=\"\" data-id=\"141\" data-link=\"http:\/\/fh-adler.de\/?attachment_id=141\" srcset=\"https:\/\/fh-adler.de\/wp-content\/uploads\/2019\/04\/Altkuenkendorf.jpg 400w, https:\/\/fh-adler.de\/wp-content\/uploads\/2019\/04\/Altkuenkendorf-300x209.jpg 300w\" sizes=\"(max-width: 400px) 100vw, 400px\" \/><\/span><\/figure>\n<\/li>\n<li class=\"blocks-gallery-item\">\n<figure><span style=\"color: #000000;\"><img loading=\"lazy\" decoding=\"async\" width=\"400\" height=\"280\" class=\"wp-image-143\" src=\"http:\/\/fh-adler.de\/wp-content\/uploads\/2019\/04\/Buchenwald.jpg\" alt=\"\" data-id=\"143\" data-link=\"http:\/\/fh-adler.de\/?attachment_id=143\" srcset=\"https:\/\/fh-adler.de\/wp-content\/uploads\/2019\/04\/Buchenwald.jpg 400w, https:\/\/fh-adler.de\/wp-content\/uploads\/2019\/04\/Buchenwald-300x210.jpg 300w\" sizes=\"(max-width: 400px) 100vw, 400px\" \/><\/span><\/figure>\n<\/li>\n<li class=\"blocks-gallery-item\">\n<figure><span style=\"color: #000000;\"><img loading=\"lazy\" decoding=\"async\" width=\"400\" height=\"286\" class=\"wp-image-144\" src=\"http:\/\/fh-adler.de\/wp-content\/uploads\/2019\/04\/dorfkirche.jpg\" alt=\"\" data-id=\"144\" data-link=\"http:\/\/fh-adler.de\/?attachment_id=144\" srcset=\"https:\/\/fh-adler.de\/wp-content\/uploads\/2019\/04\/dorfkirche.jpg 400w, https:\/\/fh-adler.de\/wp-content\/uploads\/2019\/04\/dorfkirche-300x215.jpg 300w\" sizes=\"(max-width: 400px) 100vw, 400px\" \/><\/span><\/figure>\n<\/li>\n<li class=\"blocks-gallery-item\">\n<figure><span style=\"color: #000000;\"><img loading=\"lazy\" decoding=\"async\" width=\"400\" height=\"282\" class=\"wp-image-145\" src=\"http:\/\/fh-adler.de\/wp-content\/uploads\/2019\/04\/Eiche.jpg\" alt=\"\" data-id=\"145\" data-link=\"http:\/\/fh-adler.de\/?attachment_id=145\" srcset=\"https:\/\/fh-adler.de\/wp-content\/uploads\/2019\/04\/Eiche.jpg 400w, https:\/\/fh-adler.de\/wp-content\/uploads\/2019\/04\/Eiche-300x212.jpg 300w\" sizes=\"(max-width: 400px) 100vw, 400px\" \/><\/span><\/figure>\n<\/li>\n<li class=\"blocks-gallery-item\">\n<figure><span style=\"color: #000000;\"><img loading=\"lazy\" decoding=\"async\" width=\"400\" height=\"275\" class=\"wp-image-146\" src=\"http:\/\/fh-adler.de\/wp-content\/uploads\/2019\/04\/KLOSTER_NEU.jpg\" alt=\"\" data-id=\"146\" data-link=\"http:\/\/fh-adler.de\/?attachment_id=146\" srcset=\"https:\/\/fh-adler.de\/wp-content\/uploads\/2019\/04\/KLOSTER_NEU.jpg 400w, https:\/\/fh-adler.de\/wp-content\/uploads\/2019\/04\/KLOSTER_NEU-300x206.jpg 300w\" sizes=\"(max-width: 400px) 100vw, 400px\" \/><\/span><\/figure>\n<\/li>\n<li class=\"blocks-gallery-item\">\n<figure><span style=\"color: #000000;\"><img loading=\"lazy\" decoding=\"async\" width=\"400\" height=\"287\" class=\"wp-image-147\" src=\"http:\/\/fh-adler.de\/wp-content\/uploads\/2019\/04\/Parsteinsee.jpg\" alt=\"\" data-id=\"147\" data-link=\"http:\/\/fh-adler.de\/?attachment_id=147\" srcset=\"https:\/\/fh-adler.de\/wp-content\/uploads\/2019\/04\/Parsteinsee.jpg 400w, https:\/\/fh-adler.de\/wp-content\/uploads\/2019\/04\/Parsteinsee-300x215.jpg 300w\" sizes=\"(max-width: 400px) 100vw, 400px\" \/><\/span><\/figure>\n<\/li>\n<li class=\"blocks-gallery-item\">\n<figure><span style=\"color: #000000;\"><img loading=\"lazy\" decoding=\"async\" width=\"400\" height=\"276\" class=\"wp-image-163\" src=\"http:\/\/fh-adler.de\/wp-content\/uploads\/2019\/04\/amtsee.jpg\" alt=\"\" data-id=\"163\" data-link=\"http:\/\/fh-adler.de\/?attachment_id=163\" srcset=\"https:\/\/fh-adler.de\/wp-content\/uploads\/2019\/04\/amtsee.jpg 400w, https:\/\/fh-adler.de\/wp-content\/uploads\/2019\/04\/amtsee-300x207.jpg 300w\" sizes=\"(max-width: 400px) 100vw, 400px\" \/><\/span><\/figure>\n<\/li>\n<li class=\"blocks-gallery-item\">\n<figure><span style=\"color: #000000;\"><img loading=\"lazy\" decoding=\"async\" width=\"400\" height=\"266\" class=\"wp-image-164\" src=\"http:\/\/fh-adler.de\/wp-content\/uploads\/2019\/04\/frosch.jpg\" alt=\"\" data-id=\"164\" data-link=\"http:\/\/fh-adler.de\/?attachment_id=164\" srcset=\"https:\/\/fh-adler.de\/wp-content\/uploads\/2019\/04\/frosch.jpg 400w, https:\/\/fh-adler.de\/wp-content\/uploads\/2019\/04\/frosch-300x200.jpg 300w\" sizes=\"(max-width: 400px) 100vw, 400px\" \/><\/span><\/figure>\n<\/li>\n<li class=\"blocks-gallery-item\">\n<figure><span style=\"color: #000000;\"><img loading=\"lazy\" decoding=\"async\" width=\"400\" height=\"280\" class=\"wp-image-165\" src=\"http:\/\/fh-adler.de\/wp-content\/uploads\/2019\/04\/Moon-1.jpg\" alt=\"\" data-id=\"165\" data-link=\"http:\/\/fh-adler.de\/?attachment_id=165\" srcset=\"https:\/\/fh-adler.de\/wp-content\/uploads\/2019\/04\/Moon-1.jpg 400w, https:\/\/fh-adler.de\/wp-content\/uploads\/2019\/04\/Moon-1-300x210.jpg 300w\" sizes=\"(max-width: 400px) 100vw, 400px\" \/><\/span><\/figure>\n<\/li>\n<li class=\"blocks-gallery-item\">\n<figure><span style=\"color: #000000;\"><img loading=\"lazy\" decoding=\"async\" width=\"500\" height=\"333\" class=\"wp-image-166\" src=\"http:\/\/fh-adler.de\/wp-content\/uploads\/2019\/04\/meilenstein.jpg\" alt=\"\" data-id=\"166\" data-link=\"http:\/\/fh-adler.de\/?attachment_id=166\" srcset=\"https:\/\/fh-adler.de\/wp-content\/uploads\/2019\/04\/meilenstein.jpg 500w, https:\/\/fh-adler.de\/wp-content\/uploads\/2019\/04\/meilenstein-300x200.jpg 300w\" sizes=\"(max-width: 500px) 100vw, 500px\" \/><\/span><\/figure>\n<\/li>\n<li class=\"blocks-gallery-item\">\n<figure><span style=\"color: #000000;\"><img loading=\"lazy\" decoding=\"async\" width=\"400\" height=\"275\" class=\"wp-image-167\" src=\"http:\/\/fh-adler.de\/wp-content\/uploads\/2019\/04\/ParsteinseeNEU-1.jpg\" alt=\"\" data-id=\"167\" data-link=\"http:\/\/fh-adler.de\/?attachment_id=167\" srcset=\"https:\/\/fh-adler.de\/wp-content\/uploads\/2019\/04\/ParsteinseeNEU-1.jpg 400w, https:\/\/fh-adler.de\/wp-content\/uploads\/2019\/04\/ParsteinseeNEU-1-300x206.jpg 300w\" sizes=\"(max-width: 400px) 100vw, 400px\" \/><\/span><\/figure>\n<\/li>\n<\/ul>\n<p><span style=\"color: #000000;\"><!-- \/wp:gallery --><!-- wp:image {\"id\":168} --><\/span><\/p>\n<figure class=\"wp-block-image\"><span style=\"color: #000000;\"><img loading=\"lazy\" decoding=\"async\" width=\"1024\" height=\"768\" class=\"wp-image-168\" src=\"http:\/\/fh-adler.de\/wp-content\/uploads\/2019\/04\/Amtsee-Foto-Mario-Storch-CC-BY-2.0-1024x768.jpg\" alt=\"\" srcset=\"https:\/\/fh-adler.de\/wp-content\/uploads\/2019\/04\/Amtsee-Foto-Mario-Storch-CC-BY-2.0.jpg 1024w, https:\/\/fh-adler.de\/wp-content\/uploads\/2019\/04\/Amtsee-Foto-Mario-Storch-CC-BY-2.0-300x225.jpg 300w, https:\/\/fh-adler.de\/wp-content\/uploads\/2019\/04\/Amtsee-Foto-Mario-Storch-CC-BY-2.0-768x576.jpg 768w\" sizes=\"(max-width: 1024px) 100vw, 1024px\" \/><\/span><p><\/p>\n<figcaption><span style=\"color: #000000;\">Amtsee am Kloster Chorin, Foto Mario Storch CC BY 2.0<\/span><\/figcaption>\n<\/figure>\n<p><span style=\"color: #000000;\"><!-- \/wp:image --><!-- wp:paragraph --><\/span><\/p>\n<p><span style=\"color: #000000;\">Nicht viel weiter entfernt ist der n\u00e4chste Grenz\u00fcbergang nach <strong>Polen<\/strong>. Die n\u00e4chst gelegene (ca. 12 km) Stadt ist <strong>Eberswalde<\/strong>, die Geburtsst\u00e4tte der preu\u00dfischen Forstwissenschaft, mit einem sehr kinderfreundlichen Zoo (der Beste seiner Gr\u00f6\u00dfenklasse in Deutschland) und einem sehenswerten <strong>forstbotanischen Garten<\/strong>. Nicht viel weiter ist es nach <strong>Angerm\u00fcnde<\/strong>, einem ehemaligen Ackerbauernst\u00e4dtchen mit gut erhaltenem historischen Stadtkern, einer imposanten Wehrkirche und dem <strong>Ehm-Welk-Literaturmuseum<\/strong>.<\/span><\/p>\n<p><span style=\"color: #000000;\"><!-- \/wp:paragraph --><!-- wp:paragraph --><\/span><\/p>\n<p><span style=\"color: #000000;\">Die <strong>Berliner City<\/strong> erreichen Sie per direkter Zug-Verbindung von Chorin (ca. 40 min) oder auf der B2 bzw. A11 in 50\u201360 min.<\/span><\/p>\n<p><span style=\"color: #000000;\"><!-- \/wp:paragraph --><!-- wp:paragraph --><\/span><\/p>\n<p><span style=\"color: #000000;\">F\u00fcr <strong>Stettin <\/strong>mit seiner wunderbar restaurierten Altstadt ben\u00f6tigen Sie per Zug oder Autobahn etwa 2 Stunden. Etwa ebenso lange brauchen Sie f\u00fcr einen Ausflug an die Ostseek\u00fcste. Weitere Ausflugstipps (Wildpark Gro\u00df Sch\u00f6nebeck, <strong>Schiffshebewerk Niederfinow<\/strong>, Geopark Stolzenhagen, Thermalbad Templin&#8230;) und Informationen finden Sie im Ferienhaus.<\/span><\/p>\n<p><span style=\"color: #000000;\"><!-- \/wp:paragraph --><!-- wp:heading {\"level\":4} --><\/span><\/p>\n<h4><span style=\"color: #000000;\">Weiterf\u00fchrende Links<\/span><\/h4>\n<p><span style=\"color: #000000;\"><!-- \/wp:heading --><!-- wp:paragraph --><\/span><\/p>\n<ul>\n<li><span style=\"color: #81d742;\"><a style=\"color: #81d742;\" href=\"http:\/\/www.kloster-chorin.info\/\" target=\"_blank\" rel=\"noreferrer noopener\">Kloster Chorin<\/a><\/span><\/li>\n<li><span style=\"color: #81d742;\"><a style=\"color: #81d742;\" href=\"http:\/\/www.choriner-musiksommer.de\/\" target=\"_blank\" rel=\"noreferrer noopener\">Choriner Musiksommer<\/a><\/span><\/li>\n<li><span style=\"color: #81d742;\"><a style=\"color: #81d742;\" href=\"http:\/\/www.fahrradverleih-chorin.de\/\" target=\"_blank\" rel=\"noreferrer noopener\">Fahrradverleih Chorin<\/a><\/span><\/li>\n<li><span style=\"color: #81d742;\"><a style=\"color: #81d742;\" href=\"http:\/\/www.schorfheide-chorin.de\/\" target=\"_blank\" rel=\"noreferrer noopener\">Biosph\u00e4ren-Reservat Schorfheide-Chorin<\/a><\/span><\/li>\n<li><span style=\"color: #81d742;\"><a style=\"color: #81d742;\" href=\"http:\/\/www.brodowin.de\/\" target=\"_blank\" rel=\"noreferrer noopener\">\u00d6kodorf Brodowin<\/a><\/span><\/li>\n<li><span style=\"color: #81d742;\"><a style=\"color: #81d742;\" href=\"http:\/\/www.unteres-odertal.de\/\" target=\"_blank\" rel=\"noreferrer noopener\">Nationalpark Unteres Odertal<\/a><\/span><\/li>\n<li><span style=\"color: #81d742;\"><a style=\"color: #81d742;\" href=\"http:\/\/www.blumberger-muehle.de\/\" target=\"_blank\" rel=\"noreferrer noopener\">Blumenberger M\u00fchle<\/a><\/span><\/li>\n<li><span style=\"color: #81d742;\"><a style=\"color: #81d742;\" href=\"http:\/\/www.schiffshebewerk-niederfinow.info\/\" target=\"_blank\" rel=\"noreferrer noopener\">Schiffshebewerk Niederfinow<\/a><\/span><\/li>\n<\/ul>\n<p><span style=\"color: #000000;\"><!-- \/wp:paragraph --><\/span><\/p>\t\t\t\t\t<\/div>\n\t\t\t\t\t\t<\/div>\n\t\t\t\t<\/div>\n\t\t\t\t\t\t<\/div>\n\t\t\t\t\t<\/div>\n\t\t<\/div>\n\t\t\t\t\t\t\t\t<\/div>\n\t\t\t\t\t<\/div>\n\t\t<\/section>\n\t\t\t\t\t\t\t\t\t<\/div>\n\t\t\t<\/div>\n\t\t\t\t\t<\/div>\n\t\t","protected":false},"excerpt":{"rendered":"<p>Chorin ist ein kleines Dorf (ca. 550 Einwohner) und Ortsteil der aus sieben D\u00f6rfern bestehenden Gro\u00dfgemeinde Chorin in der Mark Brandenburg, im Landkreis Barnim. Bekannt ist Chorin vor allem durch sein \u00fcber 725-j\u00e4hriges Zisterzienser-Kloster, einem der bedeutendsten Bauwerke der norddeutschen Backsteingotik, wo auch der Choriner Musiksommer und andere kulturelle Veranstaltungen stattfinden. Der Ort ist sehr ruhig, ohne Durchgangsverkehr. Er liegt mitten im Biosph\u00e4ren-Reservat Schorfheide-Chorin, mit seinen ausgedehnten Buchen- und Eichenmischw\u00e4ldern und einem wertvollen Bestand an seltenen Tieren \u2013 (See-, Fischadler, Kranich, Schwarzstorch, Rohrdommel, Biber, Fischotter, Sumpfschildkr\u00f6te, Laubfrosch&#8230;) und Pflanzen. In Chorin gibt es drei Restaurants mit guter K\u00fcche, eine Arzt-Praxis, einen Bahnanschluss und Fahrrad-Verleih; mehrmals in der Woche kommt eine mobile Versorgung mit Backwaren oder anderen Lebensmitteln; frischer oder ger\u00e4ucherter Fisch aus den umliegenden Seen wird frei Haus geliefert&#8230; Chorin ist ein idealer Ausgangspunkt f\u00fcr kleine und gr\u00f6\u00dfere&nbsp;Fu\u00df- oder Radwanderungen&nbsp;in alle Himmelsrichtungen entlang gut ausgeschilderter Wege. \u2026 und seine Umgebung Chorin ist ein idealer Ausgangspunkt f\u00fcr kleine und gr\u00f6\u00dfere Fu\u00df- oder Radwanderungen in alle Himmelsrichtungen entlang gut ausgeschilderter Wege. Seine Umgebung ist eine h\u00fcgelige, eiszeitgepr\u00e4gte Endmor\u00e4nenlandschaft mit urw\u00fcchsigem Laub- und Mischwald, kleinen Mooren und gro\u00dfen Seen mit nat\u00fcrlichen Badem\u00f6glichkeiten und &#8222;verschlafenen&#8220; D\u00f6rfern. Die Schorfheide gilt als das gr\u00f6\u00dfte zusammenh\u00e4ngende Waldgebiet Deutschlands und ist das legend\u00e4re Jagdgebiet diverser Obrigkeiten der preu\u00dfisch-deutschen Geschichte. Im benachbarten \u00d6kodorf Brodowin gibt es einen Hofladen mit Produkten aus \u00f6kologischem Anbau. Eine besondere Attraktion f\u00fcr Naturfreunde und ihre Kinder ist das nahegelegene NABU-Informationszentrum Blumberger M\u00fchle, die gr\u00f6\u00dfte Einrichtung dieser Art in Deutschland.&nbsp; Zum Odertal, eine der wenigen naturbelassenen Flusslandschaften in Mitteleuropa, sind es nur ca. 10 km, die Deichwege eignen sich gut f\u00fcr Radwanderungen. Radwanderung. Ebenso weit ist es zum Buchenwald Grumsiner Forst, als Weltnaturerbe von der UNESCO anerkannt. Nicht viel weiter entfernt ist der n\u00e4chste Grenz\u00fcbergang nach Polen. Die n\u00e4chst gelegene (ca. 12 km) Stadt ist Eberswalde, die Geburtsst\u00e4tte der preu\u00dfischen Forstwissenschaft, mit einem sehr kinderfreundlichen Zoo (der Beste seiner Gr\u00f6\u00dfenklasse in Deutschland) und einem sehenswerten forstbotanischen Garten. Nicht viel weiter ist es nach Angerm\u00fcnde, einem ehemaligen Ackerbauernst\u00e4dtchen mit gut erhaltenem historischen Stadtkern, einer imposanten Wehrkirche und dem Ehm-Welk-Literaturmuseum. Die Berliner City erreichen Sie per direkter Zug-Verbindung von Chorin (ca. 40 min) oder auf der B2 bzw. A11 in 50\u201360 min. F\u00fcr Stettin mit seiner wunderbar restaurierten Altstadt ben\u00f6tigen Sie per Zug oder Autobahn etwa 2 Stunden. Etwa ebenso lange brauchen Sie f\u00fcr einen Ausflug an die Ostseek\u00fcste. Weitere Ausflugstipps (Wildpark Gro\u00df Sch\u00f6nebeck, Schiffshebewerk Niederfinow, Geopark Stolzenhagen, Thermalbad Templin&#8230;) und Informationen finden Sie im Ferienhaus. Weiterf\u00fchrende Links Kloster Chorin Choriner Musiksommer Fahrradverleih Chorin Biosph\u00e4ren-Reservat Schorfheide-Chorin \u00d6kodorf Brodowin Nationalpark Unteres Odertal Blumenberger M\u00fchle Schiffshebewerk Niederfinow<\/p>\n","protected":false},"author":1,"featured_media":0,"parent":0,"menu_order":3,"comment_status":"closed","ping_status":"closed","template":"","meta":{"footnotes":""},"_links":{"self":[{"href":"https:\/\/fh-adler.de\/index.php?rest_route=\/wp\/v2\/pages\/32"}],"collection":[{"href":"https:\/\/fh-adler.de\/index.php?rest_route=\/wp\/v2\/pages"}],"about":[{"href":"https:\/\/fh-adler.de\/index.php?rest_route=\/wp\/v2\/types\/page"}],"author":[{"embeddable":true,"href":"https:\/\/fh-adler.de\/index.php?rest_route=\/wp\/v2\/users\/1"}],"replies":[{"embeddable":true,"href":"https:\/\/fh-adler.de\/index.php?rest_route=%2Fwp%2Fv2%2Fcomments&post=32"}],"version-history":[{"count":21,"href":"https:\/\/fh-adler.de\/index.php?rest_route=\/wp\/v2\/pages\/32\/revisions"}],"predecessor-version":[{"id":322,"href":"https:\/\/fh-adler.de\/index.php?rest_route=\/wp\/v2\/pages\/32\/revisions\/322"}],"wp:attachment":[{"href":"https:\/\/fh-adler.de\/index.php?rest_route=%2Fwp%2Fv2%2Fmedia&parent=32"}],"curies":[{"name":"wp","href":"https:\/\/api.w.org\/{rel}","templated":true}]}}