{"id":30,"date":"2019-04-03T11:01:26","date_gmt":"2019-04-03T11:01:26","guid":{"rendered":"http:\/\/fh-adler.de\/?page_id=30"},"modified":"2021-06-18T15:15:07","modified_gmt":"2021-06-18T15:15:07","slug":"herzlich-willkommen","status":"publish","type":"page","link":"https:\/\/fh-adler.de\/","title":{"rendered":"Herzlich Willkommen"},"content":{"rendered":"\n<p style=\"text-align:left\">Hier erwarten Sie: Ein <a href=\"http:\/\/fh-adler.de\/?page_id=21\">Ferienhaus<\/a> in ruhiger, idyllischer Lage \u2013 gro\u00dfz\u00fcgig gestaltet (95 qm, 2&nbsp; Aufenthaltsr\u00e4ume, 2&nbsp; separate Schlafr\u00e4ume) f\u00fcr bis zu 6 Personen \u2013 komfortabel eingerichtet (Blockbohlen-Sauna, moderne K\u00fcche etc.)&#8230; Erholsame Stille in naturnaher Landschaft \u2013 Biosph\u00e4renreservat Schorfheide-Chorin und Nationalpark Unteres Odertal \u2013 urw\u00fcchsige W\u00e4lder \u2013 klare Seen \u2013 naturbelassene Flussauen \u2013 seltene Tier- und Pflanzenarten \u2013 Wanderungen und Naturbeobachtungen \u2013 \u00d6ko-Landwirtschaft \u2013 Jagd \u2013 Angeln&#8230; und dennoch Kultur in der N\u00e4he \u2013 Zisterzienser-Kloster Chorin mit Sommerkonzerten und Ausstellungen \u2013 \u00d6ko-Dorf Brodowin mit Hofladen und sieben Seen \u2013 Schiffshebewerk Niederfinow \u2013 Berlin \u00bbvor der Haust\u00fcr\u00ab und viele andere attraktive Ausflugsziele &#8230;<\/p>\n\n\n\n<figure><img decoding=\"async\" src=\"http:\/\/fh-adler.de\/wp-content\/uploads\/2019\/04\/Haus-web-2-1024x768.jpg\" alt=\"\" \/>\n<figcaption>Das Ferienhaus<\/figcaption>\n<\/figure>\n","protected":false},"excerpt":{"rendered":"<p>Hier erwarten Sie: Ein Ferienhaus in ruhiger, idyllischer Lage \u2013 gro\u00dfz\u00fcgig gestaltet (95 qm, 2&nbsp; Aufenthaltsr\u00e4ume, 2&nbsp; separate Schlafr\u00e4ume) f\u00fcr bis zu 6 Personen \u2013 komfortabel eingerichtet (Blockbohlen-Sauna, moderne K\u00fcche etc.)&#8230; Erholsame Stille in naturnaher Landschaft \u2013 Biosph\u00e4renreservat Schorfheide-Chorin und Nationalpark Unteres Odertal \u2013 urw\u00fcchsige W\u00e4lder \u2013 klare Seen \u2013 naturbelassene Flussauen \u2013 seltene Tier- und Pflanzenarten \u2013 Wanderungen und Naturbeobachtungen \u2013 \u00d6ko-Landwirtschaft \u2013 Jagd \u2013 Angeln&#8230; und dennoch Kultur in der N\u00e4he \u2013 Zisterzienser-Kloster Chorin mit Sommerkonzerten und Ausstellungen \u2013 \u00d6ko-Dorf Brodowin mit Hofladen und sieben Seen \u2013 Schiffshebewerk Niederfinow \u2013 Berlin \u00bbvor der Haust\u00fcr\u00ab und viele andere attraktive Ausflugsziele &#8230;<\/p>\n","protected":false},"author":1,"featured_media":0,"parent":0,"menu_order":1,"comment_status":"closed","ping_status":"closed","template":"","meta":{"footnotes":""},"_links":{"self":[{"href":"https:\/\/fh-adler.de\/index.php?rest_route=\/wp\/v2\/pages\/30"}],"collection":[{"href":"https:\/\/fh-adler.de\/index.php?rest_route=\/wp\/v2\/pages"}],"about":[{"href":"https:\/\/fh-adler.de\/index.php?rest_route=\/wp\/v2\/types\/page"}],"author":[{"embeddable":true,"href":"https:\/\/fh-adler.de\/index.php?rest_route=\/wp\/v2\/users\/1"}],"replies":[{"embeddable":true,"href":"https:\/\/fh-adler.de\/index.php?rest_route=%2Fwp%2Fv2%2Fcomments&post=30"}],"version-history":[{"count":13,"href":"https:\/\/fh-adler.de\/index.php?rest_route=\/wp\/v2\/pages\/30\/revisions"}],"predecessor-version":[{"id":294,"href":"https:\/\/fh-adler.de\/index.php?rest_route=\/wp\/v2\/pages\/30\/revisions\/294"}],"wp:attachment":[{"href":"https:\/\/fh-adler.de\/index.php?rest_route=%2Fwp%2Fv2%2Fmedia&parent=30"}],"curies":[{"name":"wp","href":"https:\/\/api.w.org\/{rel}","templated":true}]}}